{"id":194,"date":"2024-02-22T15:29:28","date_gmt":"2024-02-22T14:29:28","guid":{"rendered":"https:\/\/geminismarbella.com\/?page_id=194"},"modified":"2024-02-22T17:19:54","modified_gmt":"2024-02-22T16:19:54","slug":"logistica","status":"publish","type":"page","link":"https:\/\/geminismarbella.com\/?page_id=194","title":{"rendered":"Logistica"},"content":{"rendered":"\n<p>Disponemos de servicio logistico y distribucion de mobiliario de cocina y decoracion de alta gama  dise\u00f1ado y adaptado para todo tipo de necesidades.                                                                                          Trabajamos con las principales marcas del sector en la costa del sol <\/p>\n\n\n\n<p><strong>Optimizaci\u00f3n de la Cadena de Suministro<\/strong><\/p>\n\n\n\n<p>En el mundo empresarial actual, la optimizaci\u00f3n de la cadena de suministro se ha convertido en un factor cr\u00edtico para el \u00e9xito. Desde la adquisici\u00f3n de materias primas hasta la entrega final al cliente, cada paso en la cadena de suministro puede afectar la eficiencia y rentabilidad de una empresa.<\/p>\n\n\n\n<p>La log\u00edstica juega un papel fundamental en esta optimizaci\u00f3n, asegurando que los productos se muevan de manera fluida y rentable a trav\u00e9s de la cadena de suministro. Esto implica una planificaci\u00f3n cuidadosa de rutas, gesti\u00f3n de inventario, almacenamiento eficiente y coordinaci\u00f3n de transporte.<\/p>\n\n\n\n<p>La log\u00edstica moderna no solo se trata de mover productos de un lugar a otro, sino de hacerlo de la manera m\u00e1s eficiente posible, maximizando la satisfacci\u00f3n del cliente y la rentabilidad de la empresa. Con una estrategia log\u00edstica s\u00f3lida y herramientas tecnol\u00f3gicas adecuadas, las empresas pueden enfrentar los desaf\u00edos del mercado global y mantenerse competitivas en un entorno en constante cambio.<\/p>\n","protected":false},"excerpt":{"rendered":"<p>Disponemos de servicio logistico y distribucion de mobiliario de cocina y decoracion de alta gama dise\u00f1ado y adaptado para todo tipo de necesidades. Trabajamos con las principales marcas del sector en la costa del sol Optimizaci\u00f3n de la Cadena de Suministro En el mundo empresarial actual, la optimizaci\u00f3n de la cadena de suministro se ha [&hellip;]<\/p>\n","protected":false},"author":1,"featured_media":0,"parent":0,"menu_order":0,"comment_status":"closed","ping_status":"closed","template":"","meta":{"footnotes":""},"class_list":["post-194","page","type-page","status-publish","hentry"],"_links":{"self":[{"href":"https:\/\/geminismarbella.com\/index.php?rest_route=\/wp\/v2\/pages\/194","targetHints":{"allow":["GET"]}}],"collection":[{"href":"https:\/\/geminismarbella.com\/index.php?rest_route=\/wp\/v2\/pages"}],"about":[{"href":"https:\/\/geminismarbella.com\/index.php?rest_route=\/wp\/v2\/types\/page"}],"author":[{"embeddable":true,"href":"https:\/\/geminismarbella.com\/index.php?rest_route=\/wp\/v2\/users\/1"}],"replies":[{"embeddable":true,"href":"https:\/\/geminismarbella.com\/index.php?rest_route=%2Fwp%2Fv2%2Fcomments&post=194"}],"version-history":[{"count":4,"href":"https:\/\/geminismarbella.com\/index.php?rest_route=\/wp\/v2\/pages\/194\/revisions"}],"predecessor-version":[{"id":213,"href":"https:\/\/geminismarbella.com\/index.php?rest_route=\/wp\/v2\/pages\/194\/revisions\/213"}],"wp:attachment":[{"href":"https:\/\/geminismarbella.com\/index.php?rest_route=%2Fwp%2Fv2%2Fmedia&parent=194"}],"curies":[{"name":"wp","href":"https:\/\/api.w.org\/{rel}","templated":true}]}}